{"id":100004,"date":"2021-09-02T17:27:44","date_gmt":"2021-09-02T16:27:44","guid":{"rendered":"https:\/\/www.indien-haus.de\/?post_type=product&#038;p=100004"},"modified":"2026-02-26T17:28:55","modified_gmt":"2026-02-26T16:28:55","slug":"stehpult-rednerpult-akazie-natur","status":"publish","type":"product","link":"https:\/\/www.indien-haus.de\/shop\/produkt\/stehpult-rednerpult-akazie-natur\/","title":{"rendered":"Stehpult Rednerpult Akazie natur"},"content":{"rendered":"","protected":false},"excerpt":{"rendered":"<p>Stehpult Rednerpult Akazie natur mit 2 Schubladen und Fach unter der aufklappbaren Ablage.<\/p>\n<p>Unsere Serienkollektion wird aus Akazienholz hergestellt. Ein extrem hartes Holz welches eine sehr sch\u00f6ne und einmalige Maserung hat. Die M\u00f6belst\u00fccke werden gr\u00f6\u00dftenteils handgefertigt &amp; sind alle aus Massivholz gebaut, wodurch eine extrem lange Lebensdauer zu erwarten ist. Bis auf einige Tische und Betten sind fast alle M\u00f6bel am St\u00fcck &amp; nicht zerlegbar.<\/p>\n<p>Bei \u201aAkazie natur\u2018 wird das Holz nur mit einem Lack auf Wasserbasis gestrichen. Die urspr\u00fcnglichen Maserungen und der Charakter des Holzes bleiben dabei vollst\u00e4ndig erhalten.<\/p>\n","protected":false},"featured_media":100843,"comment_status":"closed","ping_status":"closed","template":"","meta":[],"product_cat":[70,6673],"product_tag":[6555,4065],"yoast_head":"<!-- This site is optimized with the Yoast SEO plugin v22.0 - https:\/\/yoast.com\/wordpress\/plugins\/seo\/ -->\n<title>Stehpult Rednerpult Akazie natur - #Indien-Haus<\/title>\n<meta name=\"description\" content=\"Stehpult Rednerpult Akazie natur mit aufklappbarem Deckel &amp; zwei Schubladen aus massivem Akazienholz lackiert.\" \/>\n<meta name=\"robots\" content=\"index, follow, max-snippet:-1, max-image-preview:large, max-video-preview:-1\" \/>\n<link rel=\"canonical\" href=\"https:\/\/www.indien-haus.de\/shop\/produkt\/stehpult-rednerpult-akazie-natur\/\" \/>\n<meta name=\"twitter:card\" content=\"summary_large_image\" \/>\n<meta name=\"twitter:title\" content=\"Stehpult Rednerpult Akazie natur - #Indien-Haus\" \/>\n<meta name=\"twitter:description\" content=\"Stehpult Rednerpult Akazie natur mit aufklappbarem Deckel &amp; zwei Schubladen aus massivem Akazienholz lackiert.\" \/>\n<meta name=\"twitter:image\" content=\"https:\/\/www.indien-haus.de\/wp-content\/uploads\/2021\/09\/SA04461-N.jpg\" \/>\n<meta name=\"twitter:site\" content=\"@Indien_Haus\" \/>\n<meta name=\"twitter:label1\" content=\"Gesch\u00e4tzte Lesezeit\" \/>\n\t<meta name=\"twitter:data1\" content=\"1\u00a0Minute\" \/>\n<script type=\"application\/ld+json\" class=\"yoast-schema-graph\">{\"@context\":\"https:\/\/schema.org\",\"@graph\":[{\"@type\":\"WebPage\",\"@id\":\"https:\/\/www.indien-haus.de\/shop\/produkt\/stehpult-rednerpult-akazie-natur\/\",\"url\":\"https:\/\/www.indien-haus.de\/shop\/produkt\/stehpult-rednerpult-akazie-natur\/\",\"name\":\"Stehpult Rednerpult Akazie natur - #Indien-Haus\",\"isPartOf\":{\"@id\":\"https:\/\/www.indien-haus.de\/shop\/#website\"},\"datePublished\":\"2021-09-02T16:27:44+00:00\",\"dateModified\":\"2026-02-26T16:28:55+00:00\",\"description\":\"Stehpult Rednerpult Akazie natur mit aufklappbarem Deckel & zwei Schubladen aus massivem Akazienholz lackiert.\",\"breadcrumb\":{\"@id\":\"https:\/\/www.indien-haus.de\/shop\/produkt\/stehpult-rednerpult-akazie-natur\/#breadcrumb\"},\"inLanguage\":\"de\",\"potentialAction\":[{\"@type\":\"ReadAction\",\"target\":[\"https:\/\/www.indien-haus.de\/shop\/produkt\/stehpult-rednerpult-akazie-natur\/\"]}]},{\"@type\":\"BreadcrumbList\",\"@id\":\"https:\/\/www.indien-haus.de\/shop\/produkt\/stehpult-rednerpult-akazie-natur\/#breadcrumb\",\"itemListElement\":[{\"@type\":\"ListItem\",\"position\":1,\"name\":\"Startseite\",\"item\":\"https:\/\/www.indien-haus.de\/shop\/start\/\"},{\"@type\":\"ListItem\",\"position\":2,\"name\":\"Shop\",\"item\":\"https:\/\/www.indien-haus.de\/shop\/shop\/\"},{\"@type\":\"ListItem\",\"position\":3,\"name\":\"Stehpult Rednerpult Akazie natur\"}]},{\"@type\":\"WebSite\",\"@id\":\"https:\/\/www.indien-haus.de\/shop\/#website\",\"url\":\"https:\/\/www.indien-haus.de\/shop\/\",\"name\":\"Indien-Haus\",\"description\":\"M\u00f6bel &amp; Lampen &amp; Accessoires aus Asien in Mainz\",\"publisher\":{\"@id\":\"https:\/\/www.indien-haus.de\/shop\/#organization\"},\"potentialAction\":[{\"@type\":\"SearchAction\",\"target\":{\"@type\":\"EntryPoint\",\"urlTemplate\":\"https:\/\/www.indien-haus.de\/shop\/?s={search_term_string}\"},\"query-input\":\"required name=search_term_string\"}],\"inLanguage\":\"de\"},{\"@type\":\"Organization\",\"@id\":\"https:\/\/www.indien-haus.de\/shop\/#organization\",\"name\":\"Indien-Haus\",\"url\":\"https:\/\/www.indien-haus.de\/shop\/\",\"logo\":{\"@type\":\"ImageObject\",\"inLanguage\":\"de\",\"@id\":\"https:\/\/www.indien-haus.de\/shop\/#\/schema\/logo\/image\/\",\"url\":\"https:\/\/www.indien-haus.de\/wp-content\/uploads\/2014\/03\/indien-haus-logo3.png\",\"contentUrl\":\"https:\/\/www.indien-haus.de\/wp-content\/uploads\/2014\/03\/indien-haus-logo3.png\",\"width\":106,\"height\":116,\"caption\":\"Indien-Haus\"},\"image\":{\"@id\":\"https:\/\/www.indien-haus.de\/shop\/#\/schema\/logo\/image\/\"},\"sameAs\":[\"https:\/\/www.facebook.com\/INDIEN.HAUS.news\",\"https:\/\/twitter.com\/Indien_Haus\",\"https:\/\/www.instagram.com\/indien_haus_mainz\/\",\"https:\/\/www.pinterest.de\/indienhaus\/\",\"https:\/\/www.youtube.com\/user\/IndienHaus\"]}]}<\/script>\n<!-- \/ Yoast SEO plugin. -->","yoast_head_json":{"title":"Stehpult Rednerpult Akazie natur - #Indien-Haus","description":"Stehpult Rednerpult Akazie natur mit aufklappbarem Deckel & zwei Schubladen aus massivem Akazienholz lackiert.","robots":{"index":"index","follow":"follow","max-snippet":"max-snippet:-1","max-image-preview":"max-image-preview:large","max-video-preview":"max-video-preview:-1"},"canonical":"https:\/\/www.indien-haus.de\/shop\/produkt\/stehpult-rednerpult-akazie-natur\/","twitter_card":"summary_large_image","twitter_title":"Stehpult Rednerpult Akazie natur - #Indien-Haus","twitter_description":"Stehpult Rednerpult Akazie natur mit aufklappbarem Deckel & zwei Schubladen aus massivem Akazienholz lackiert.","twitter_image":"https:\/\/www.indien-haus.de\/wp-content\/uploads\/2021\/09\/SA04461-N.jpg","twitter_site":"@Indien_Haus","twitter_misc":{"Gesch\u00e4tzte Lesezeit":"1\u00a0Minute"},"schema":{"@context":"https:\/\/schema.org","@graph":[{"@type":"WebPage","@id":"https:\/\/www.indien-haus.de\/shop\/produkt\/stehpult-rednerpult-akazie-natur\/","url":"https:\/\/www.indien-haus.de\/shop\/produkt\/stehpult-rednerpult-akazie-natur\/","name":"Stehpult Rednerpult Akazie natur - #Indien-Haus","isPartOf":{"@id":"https:\/\/www.indien-haus.de\/shop\/#website"},"datePublished":"2021-09-02T16:27:44+00:00","dateModified":"2026-02-26T16:28:55+00:00","description":"Stehpult Rednerpult Akazie natur mit aufklappbarem Deckel & zwei Schubladen aus massivem Akazienholz lackiert.","breadcrumb":{"@id":"https:\/\/www.indien-haus.de\/shop\/produkt\/stehpult-rednerpult-akazie-natur\/#breadcrumb"},"inLanguage":"de","potentialAction":[{"@type":"ReadAction","target":["https:\/\/www.indien-haus.de\/shop\/produkt\/stehpult-rednerpult-akazie-natur\/"]}]},{"@type":"BreadcrumbList","@id":"https:\/\/www.indien-haus.de\/shop\/produkt\/stehpult-rednerpult-akazie-natur\/#breadcrumb","itemListElement":[{"@type":"ListItem","position":1,"name":"Startseite","item":"https:\/\/www.indien-haus.de\/shop\/start\/"},{"@type":"ListItem","position":2,"name":"Shop","item":"https:\/\/www.indien-haus.de\/shop\/shop\/"},{"@type":"ListItem","position":3,"name":"Stehpult Rednerpult Akazie natur"}]},{"@type":"WebSite","@id":"https:\/\/www.indien-haus.de\/shop\/#website","url":"https:\/\/www.indien-haus.de\/shop\/","name":"Indien-Haus","description":"M\u00f6bel &amp; Lampen &amp; Accessoires aus Asien in Mainz","publisher":{"@id":"https:\/\/www.indien-haus.de\/shop\/#organization"},"potentialAction":[{"@type":"SearchAction","target":{"@type":"EntryPoint","urlTemplate":"https:\/\/www.indien-haus.de\/shop\/?s={search_term_string}"},"query-input":"required name=search_term_string"}],"inLanguage":"de"},{"@type":"Organization","@id":"https:\/\/www.indien-haus.de\/shop\/#organization","name":"Indien-Haus","url":"https:\/\/www.indien-haus.de\/shop\/","logo":{"@type":"ImageObject","inLanguage":"de","@id":"https:\/\/www.indien-haus.de\/shop\/#\/schema\/logo\/image\/","url":"https:\/\/www.indien-haus.de\/wp-content\/uploads\/2014\/03\/indien-haus-logo3.png","contentUrl":"https:\/\/www.indien-haus.de\/wp-content\/uploads\/2014\/03\/indien-haus-logo3.png","width":106,"height":116,"caption":"Indien-Haus"},"image":{"@id":"https:\/\/www.indien-haus.de\/shop\/#\/schema\/logo\/image\/"},"sameAs":["https:\/\/www.facebook.com\/INDIEN.HAUS.news","https:\/\/twitter.com\/Indien_Haus","https:\/\/www.instagram.com\/indien_haus_mainz\/","https:\/\/www.pinterest.de\/indienhaus\/","https:\/\/www.youtube.com\/user\/IndienHaus"]}]}},"_links":{"self":[{"href":"https:\/\/www.indien-haus.de\/shop\/wp-json\/wp\/v2\/product\/100004"}],"collection":[{"href":"https:\/\/www.indien-haus.de\/shop\/wp-json\/wp\/v2\/product"}],"about":[{"href":"https:\/\/www.indien-haus.de\/shop\/wp-json\/wp\/v2\/types\/product"}],"replies":[{"embeddable":true,"href":"https:\/\/www.indien-haus.de\/shop\/wp-json\/wp\/v2\/comments?post=100004"}],"wp:featuredmedia":[{"embeddable":true,"href":"https:\/\/www.indien-haus.de\/shop\/wp-json\/wp\/v2\/media\/100843"}],"wp:attachment":[{"href":"https:\/\/www.indien-haus.de\/shop\/wp-json\/wp\/v2\/media?parent=100004"}],"wp:term":[{"taxonomy":"product_cat","embeddable":true,"href":"https:\/\/www.indien-haus.de\/shop\/wp-json\/wp\/v2\/product_cat?post=100004"},{"taxonomy":"product_tag","embeddable":true,"href":"https:\/\/www.indien-haus.de\/shop\/wp-json\/wp\/v2\/product_tag?post=100004"}],"curies":[{"name":"wp","href":"https:\/\/api.w.org\/{rel}","templated":true}]}}