{"id":115227,"date":"2024-03-08T13:12:24","date_gmt":"2024-03-08T12:12:24","guid":{"rendered":"https:\/\/www.indien-haus.de\/shop\/?post_type=product&#038;p=115227"},"modified":"2024-04-19T14:56:55","modified_gmt":"2024-04-19T13:56:55","slug":"messingfigur-indischer-gott-lord-krishna","status":"publish","type":"product","link":"https:\/\/www.indien-haus.de\/shop\/produkt\/messingfigur-indischer-gott-lord-krishna\/","title":{"rendered":"Messingfigur indischer Gott Lord Krishna"},"content":{"rendered":"","protected":false},"excerpt":{"rendered":"<p>Messingfigur indischer Gott Lord Krishna mit Fl\u00f6te auf Lotusbl\u00fcte, aus echtem Messing handgefertigt in Bali &#8211; Indonesien.<\/p>\n<p>Krishna \u201eder Schwarze\u201c oder \u201eder Dunkle\u201c, in S\u00fcdindien h\u00e4ufig als keshava oder venugopala \u201eKuhhirte mit Fl\u00f6te\u201c bezeichnet ist eine hinduistische Form des G\u00f6ttlichen und wird meist als der achte Avatara von Vishnu verehrt. F\u00fcr seine Anh\u00e4nger ist Krishna die Inkarnation des H\u00f6chsten.<\/p>\n<p>Die heiligen Schriften beschreiben Krishnas K\u00f6rpert\u00f6nung als vergleichbar mit einer frischen Gewitterwolke. Er hat stets eine Bambusfl\u00f6te bansuri bei sich und tr\u00e4gt eine Pfauenfeder im Haar. Sein himmlischer Wohnort ist goloka. Obwohl er im wissenschaftlichen Sinne nicht als historisch angesehen wird, gehen die meisten Hindus davon aus, dass er tats\u00e4chlich gelebt hat.<\/p>\n","protected":false},"featured_media":115043,"comment_status":"closed","ping_status":"closed","template":"","meta":[],"product_cat":[70],"product_tag":[3573,4420,4797,1254],"yoast_head":"<!-- This site is optimized with the Yoast SEO plugin v22.0 - https:\/\/yoast.com\/wordpress\/plugins\/seo\/ -->\n<title>Messingfigur indischer Gott Lord Krishna - #Indien-Haus<\/title>\n<meta name=\"description\" content=\"Messingfigur indischer Gott Lord Krishna mit Fl\u00f6te auf Lotusbl\u00fcte, aus echtem Messing handgefertigt in Bali - Indonesien. der Schwarze oder der Dunkle\" \/>\n<meta name=\"robots\" content=\"index, follow, max-snippet:-1, max-image-preview:large, max-video-preview:-1\" \/>\n<link rel=\"canonical\" href=\"https:\/\/www.indien-haus.de\/shop\/produkt\/messingfigur-indischer-gott-lord-krishna\/\" \/>\n<meta name=\"twitter:card\" content=\"summary_large_image\" \/>\n<meta name=\"twitter:title\" content=\"Messingfigur indischer Gott Lord Krishna - #Indien-Haus\" \/>\n<meta name=\"twitter:description\" content=\"Messingfigur indischer Gott Lord Krishna mit Fl\u00f6te auf Lotusbl\u00fcte, aus echtem Messing handgefertigt in Bali - Indonesien. der Schwarze oder der Dunkle\" \/>\n<meta name=\"twitter:image\" content=\"https:\/\/www.indien-haus.de\/wp-content\/uploads\/2024\/03\/BA08778.jpg\" \/>\n<meta name=\"twitter:site\" content=\"@Indien_Haus\" \/>\n<meta name=\"twitter:label1\" content=\"Gesch\u00e4tzte Lesezeit\" \/>\n\t<meta name=\"twitter:data1\" content=\"1\u00a0Minute\" \/>\n<script type=\"application\/ld+json\" class=\"yoast-schema-graph\">{\"@context\":\"https:\/\/schema.org\",\"@graph\":[{\"@type\":\"WebPage\",\"@id\":\"https:\/\/www.indien-haus.de\/shop\/produkt\/messingfigur-indischer-gott-lord-krishna\/\",\"url\":\"https:\/\/www.indien-haus.de\/shop\/produkt\/messingfigur-indischer-gott-lord-krishna\/\",\"name\":\"Messingfigur indischer Gott Lord Krishna - #Indien-Haus\",\"isPartOf\":{\"@id\":\"https:\/\/www.indien-haus.de\/shop\/#website\"},\"datePublished\":\"2024-03-08T12:12:24+00:00\",\"dateModified\":\"2024-04-19T13:56:55+00:00\",\"description\":\"Messingfigur indischer Gott Lord Krishna mit Fl\u00f6te auf Lotusbl\u00fcte, aus echtem Messing handgefertigt in Bali - Indonesien. der Schwarze oder der Dunkle\",\"breadcrumb\":{\"@id\":\"https:\/\/www.indien-haus.de\/shop\/produkt\/messingfigur-indischer-gott-lord-krishna\/#breadcrumb\"},\"inLanguage\":\"de\",\"potentialAction\":[{\"@type\":\"ReadAction\",\"target\":[\"https:\/\/www.indien-haus.de\/shop\/produkt\/messingfigur-indischer-gott-lord-krishna\/\"]}]},{\"@type\":\"BreadcrumbList\",\"@id\":\"https:\/\/www.indien-haus.de\/shop\/produkt\/messingfigur-indischer-gott-lord-krishna\/#breadcrumb\",\"itemListElement\":[{\"@type\":\"ListItem\",\"position\":1,\"name\":\"Startseite\",\"item\":\"https:\/\/www.indien-haus.de\/shop\/start\/\"},{\"@type\":\"ListItem\",\"position\":2,\"name\":\"Shop\",\"item\":\"https:\/\/www.indien-haus.de\/shop\/shop\/\"},{\"@type\":\"ListItem\",\"position\":3,\"name\":\"Messingfigur indischer Gott Lord Krishna\"}]},{\"@type\":\"WebSite\",\"@id\":\"https:\/\/www.indien-haus.de\/shop\/#website\",\"url\":\"https:\/\/www.indien-haus.de\/shop\/\",\"name\":\"Indien-Haus\",\"description\":\"M\u00f6bel &amp; Lampen &amp; Accessoires aus Asien in Mainz\",\"publisher\":{\"@id\":\"https:\/\/www.indien-haus.de\/shop\/#organization\"},\"potentialAction\":[{\"@type\":\"SearchAction\",\"target\":{\"@type\":\"EntryPoint\",\"urlTemplate\":\"https:\/\/www.indien-haus.de\/shop\/?s={search_term_string}\"},\"query-input\":\"required name=search_term_string\"}],\"inLanguage\":\"de\"},{\"@type\":\"Organization\",\"@id\":\"https:\/\/www.indien-haus.de\/shop\/#organization\",\"name\":\"Indien-Haus\",\"url\":\"https:\/\/www.indien-haus.de\/shop\/\",\"logo\":{\"@type\":\"ImageObject\",\"inLanguage\":\"de\",\"@id\":\"https:\/\/www.indien-haus.de\/shop\/#\/schema\/logo\/image\/\",\"url\":\"https:\/\/www.indien-haus.de\/wp-content\/uploads\/2014\/03\/indien-haus-logo3.png\",\"contentUrl\":\"https:\/\/www.indien-haus.de\/wp-content\/uploads\/2014\/03\/indien-haus-logo3.png\",\"width\":106,\"height\":116,\"caption\":\"Indien-Haus\"},\"image\":{\"@id\":\"https:\/\/www.indien-haus.de\/shop\/#\/schema\/logo\/image\/\"},\"sameAs\":[\"https:\/\/www.facebook.com\/INDIEN.HAUS.news\",\"https:\/\/twitter.com\/Indien_Haus\",\"https:\/\/www.instagram.com\/indien_haus_mainz\/\",\"https:\/\/www.pinterest.de\/indienhaus\/\",\"https:\/\/www.youtube.com\/user\/IndienHaus\"]}]}<\/script>\n<!-- \/ Yoast SEO plugin. -->","yoast_head_json":{"title":"Messingfigur indischer Gott Lord Krishna - #Indien-Haus","description":"Messingfigur indischer Gott Lord Krishna mit Fl\u00f6te auf Lotusbl\u00fcte, aus echtem Messing handgefertigt in Bali - Indonesien. der Schwarze oder der Dunkle","robots":{"index":"index","follow":"follow","max-snippet":"max-snippet:-1","max-image-preview":"max-image-preview:large","max-video-preview":"max-video-preview:-1"},"canonical":"https:\/\/www.indien-haus.de\/shop\/produkt\/messingfigur-indischer-gott-lord-krishna\/","twitter_card":"summary_large_image","twitter_title":"Messingfigur indischer Gott Lord Krishna - #Indien-Haus","twitter_description":"Messingfigur indischer Gott Lord Krishna mit Fl\u00f6te auf Lotusbl\u00fcte, aus echtem Messing handgefertigt in Bali - Indonesien. der Schwarze oder der Dunkle","twitter_image":"https:\/\/www.indien-haus.de\/wp-content\/uploads\/2024\/03\/BA08778.jpg","twitter_site":"@Indien_Haus","twitter_misc":{"Gesch\u00e4tzte Lesezeit":"1\u00a0Minute"},"schema":{"@context":"https:\/\/schema.org","@graph":[{"@type":"WebPage","@id":"https:\/\/www.indien-haus.de\/shop\/produkt\/messingfigur-indischer-gott-lord-krishna\/","url":"https:\/\/www.indien-haus.de\/shop\/produkt\/messingfigur-indischer-gott-lord-krishna\/","name":"Messingfigur indischer Gott Lord Krishna - #Indien-Haus","isPartOf":{"@id":"https:\/\/www.indien-haus.de\/shop\/#website"},"datePublished":"2024-03-08T12:12:24+00:00","dateModified":"2024-04-19T13:56:55+00:00","description":"Messingfigur indischer Gott Lord Krishna mit Fl\u00f6te auf Lotusbl\u00fcte, aus echtem Messing handgefertigt in Bali - Indonesien. der Schwarze oder der Dunkle","breadcrumb":{"@id":"https:\/\/www.indien-haus.de\/shop\/produkt\/messingfigur-indischer-gott-lord-krishna\/#breadcrumb"},"inLanguage":"de","potentialAction":[{"@type":"ReadAction","target":["https:\/\/www.indien-haus.de\/shop\/produkt\/messingfigur-indischer-gott-lord-krishna\/"]}]},{"@type":"BreadcrumbList","@id":"https:\/\/www.indien-haus.de\/shop\/produkt\/messingfigur-indischer-gott-lord-krishna\/#breadcrumb","itemListElement":[{"@type":"ListItem","position":1,"name":"Startseite","item":"https:\/\/www.indien-haus.de\/shop\/start\/"},{"@type":"ListItem","position":2,"name":"Shop","item":"https:\/\/www.indien-haus.de\/shop\/shop\/"},{"@type":"ListItem","position":3,"name":"Messingfigur indischer Gott Lord Krishna"}]},{"@type":"WebSite","@id":"https:\/\/www.indien-haus.de\/shop\/#website","url":"https:\/\/www.indien-haus.de\/shop\/","name":"Indien-Haus","description":"M\u00f6bel &amp; Lampen &amp; Accessoires aus Asien in Mainz","publisher":{"@id":"https:\/\/www.indien-haus.de\/shop\/#organization"},"potentialAction":[{"@type":"SearchAction","target":{"@type":"EntryPoint","urlTemplate":"https:\/\/www.indien-haus.de\/shop\/?s={search_term_string}"},"query-input":"required name=search_term_string"}],"inLanguage":"de"},{"@type":"Organization","@id":"https:\/\/www.indien-haus.de\/shop\/#organization","name":"Indien-Haus","url":"https:\/\/www.indien-haus.de\/shop\/","logo":{"@type":"ImageObject","inLanguage":"de","@id":"https:\/\/www.indien-haus.de\/shop\/#\/schema\/logo\/image\/","url":"https:\/\/www.indien-haus.de\/wp-content\/uploads\/2014\/03\/indien-haus-logo3.png","contentUrl":"https:\/\/www.indien-haus.de\/wp-content\/uploads\/2014\/03\/indien-haus-logo3.png","width":106,"height":116,"caption":"Indien-Haus"},"image":{"@id":"https:\/\/www.indien-haus.de\/shop\/#\/schema\/logo\/image\/"},"sameAs":["https:\/\/www.facebook.com\/INDIEN.HAUS.news","https:\/\/twitter.com\/Indien_Haus","https:\/\/www.instagram.com\/indien_haus_mainz\/","https:\/\/www.pinterest.de\/indienhaus\/","https:\/\/www.youtube.com\/user\/IndienHaus"]}]}},"_links":{"self":[{"href":"https:\/\/www.indien-haus.de\/shop\/wp-json\/wp\/v2\/product\/115227"}],"collection":[{"href":"https:\/\/www.indien-haus.de\/shop\/wp-json\/wp\/v2\/product"}],"about":[{"href":"https:\/\/www.indien-haus.de\/shop\/wp-json\/wp\/v2\/types\/product"}],"replies":[{"embeddable":true,"href":"https:\/\/www.indien-haus.de\/shop\/wp-json\/wp\/v2\/comments?post=115227"}],"wp:featuredmedia":[{"embeddable":true,"href":"https:\/\/www.indien-haus.de\/shop\/wp-json\/wp\/v2\/media\/115043"}],"wp:attachment":[{"href":"https:\/\/www.indien-haus.de\/shop\/wp-json\/wp\/v2\/media?parent=115227"}],"wp:term":[{"taxonomy":"product_cat","embeddable":true,"href":"https:\/\/www.indien-haus.de\/shop\/wp-json\/wp\/v2\/product_cat?post=115227"},{"taxonomy":"product_tag","embeddable":true,"href":"https:\/\/www.indien-haus.de\/shop\/wp-json\/wp\/v2\/product_tag?post=115227"}],"curies":[{"name":"wp","href":"https:\/\/api.w.org\/{rel}","templated":true}]}}