{"id":46464,"date":"2019-06-03T14:06:56","date_gmt":"2019-06-03T13:06:56","guid":{"rendered":"https:\/\/www.indien-haus.de\/?post_type=product&#038;p=46464"},"modified":"2026-04-13T04:12:00","modified_gmt":"2026-04-13T03:12:00","slug":"faehnchen-banner-7-chakren-2","status":"publish","type":"product","link":"https:\/\/www.indien-haus.de\/shop\/produkt\/faehnchen-banner-7-chakren-2\/","title":{"rendered":"F\u00e4hnchen Banner 7 Chakren"},"content":{"rendered":"<p>Die Bedeutung der sieben Chakren<\/p>\n<p>Was sind die Chakren?<\/p>\n<p>Die feinstofflichen Energiestr\u00f6me im K\u00f6rper (Nadis) kreuzen sich an bestimmten Knotenpunkten &amp; bilden energetische Zentren \u2013 die sogenannten Chakren. Es gibt tausende Chakren im K\u00f6rper. Die 7 Hauptchakren sind von besonderer Bedeutung &amp; stehen f\u00fcr das ganze Spektrum unserer Lebensthemen. Chakra ist Sanskrit und bedeutet: Rad, Kreis oder Diskus. Die Chakren befinden sich in st\u00e4ndiger Kreisbewegung, was bewirkt, dass Energie ins Innere der Chakren hineingezogen wird. Jedes Chakra schwingt in einer Farbe &amp; hat einen k\u00f6rperlichen Bezug. Die unteren Chakren schwingen langsamer. Sie sind den Grundbed\u00fcrfnissen &amp; Emotionen zugeordnet. Die oberen Chakren schwingen h\u00f6her &amp; entsprechen den spirituellen F\u00e4higkeiten.<\/p>\n<p>Blockaden der Chakren<\/p>\n<p>Angst bewirkt ein Zusammenziehen der Chakren, was dazu f\u00fchrt, dass die Energie nicht ungehindert flie\u00dfen kann. Die Chakra-Blockaden verst\u00e4rken in der Regel die Angst und das Gef\u00fchl der Getrenntheit weiter. Durch L\u00f6sen der Blockaden versuchen wir die verlorengegangene Einheit wiederzugewinnen.<\/p>\n","protected":false},"excerpt":{"rendered":"<p>7 teiliges Mini-F\u00e4hnchen-Banner 7 Chakren mit 2 Magneten<\/p>\n<p>je Fahne 8&#215;9 cm<\/p>\n","protected":false},"featured_media":113167,"comment_status":"closed","ping_status":"closed","template":"","meta":[],"product_cat":[70],"product_tag":[4426],"yoast_head":"<!-- This site is optimized with the Yoast SEO plugin v22.0 - https:\/\/yoast.com\/wordpress\/plugins\/seo\/ -->\n<title>F\u00e4hnchen Banner 7 Chakren - #Indien-Haus<\/title>\n<meta name=\"description\" content=\"7 teiliges Mini-F\u00e4hnchen-Banner 7 Chakren mit 2 Magneten je F\u00e4hnchen 8x9 cm\" \/>\n<meta name=\"robots\" content=\"index, follow, max-snippet:-1, max-image-preview:large, max-video-preview:-1\" \/>\n<link rel=\"canonical\" href=\"https:\/\/www.indien-haus.de\/shop\/produkt\/faehnchen-banner-7-chakren-2\/\" \/>\n<meta name=\"twitter:card\" content=\"summary_large_image\" \/>\n<meta name=\"twitter:title\" content=\"F\u00e4hnchen Banner 7 Chakren - #Indien-Haus\" \/>\n<meta name=\"twitter:description\" content=\"7 teiliges Mini-F\u00e4hnchen-Banner 7 Chakren mit 2 Magneten je F\u00e4hnchen 8x9 cm\" \/>\n<meta name=\"twitter:image\" content=\"https:\/\/www.indien-haus.de\/wp-content\/uploads\/2019\/06\/DL03760-100pc.jpg\" \/>\n<meta name=\"twitter:site\" content=\"@Indien_Haus\" \/>\n<meta name=\"twitter:label1\" content=\"Gesch\u00e4tzte Lesezeit\" \/>\n\t<meta name=\"twitter:data1\" content=\"1\u00a0Minute\" \/>\n<script type=\"application\/ld+json\" class=\"yoast-schema-graph\">{\"@context\":\"https:\/\/schema.org\",\"@graph\":[{\"@type\":\"WebPage\",\"@id\":\"https:\/\/www.indien-haus.de\/shop\/produkt\/faehnchen-banner-7-chakren-2\/\",\"url\":\"https:\/\/www.indien-haus.de\/shop\/produkt\/faehnchen-banner-7-chakren-2\/\",\"name\":\"F\u00e4hnchen Banner 7 Chakren - #Indien-Haus\",\"isPartOf\":{\"@id\":\"https:\/\/www.indien-haus.de\/shop\/#website\"},\"datePublished\":\"2019-06-03T13:06:56+00:00\",\"dateModified\":\"2026-04-13T03:12:00+00:00\",\"description\":\"7 teiliges Mini-F\u00e4hnchen-Banner 7 Chakren mit 2 Magneten je F\u00e4hnchen 8x9 cm\",\"breadcrumb\":{\"@id\":\"https:\/\/www.indien-haus.de\/shop\/produkt\/faehnchen-banner-7-chakren-2\/#breadcrumb\"},\"inLanguage\":\"de\",\"potentialAction\":[{\"@type\":\"ReadAction\",\"target\":[\"https:\/\/www.indien-haus.de\/shop\/produkt\/faehnchen-banner-7-chakren-2\/\"]}]},{\"@type\":\"BreadcrumbList\",\"@id\":\"https:\/\/www.indien-haus.de\/shop\/produkt\/faehnchen-banner-7-chakren-2\/#breadcrumb\",\"itemListElement\":[{\"@type\":\"ListItem\",\"position\":1,\"name\":\"Startseite\",\"item\":\"https:\/\/www.indien-haus.de\/shop\/start\/\"},{\"@type\":\"ListItem\",\"position\":2,\"name\":\"Shop\",\"item\":\"https:\/\/www.indien-haus.de\/shop\/shop\/\"},{\"@type\":\"ListItem\",\"position\":3,\"name\":\"F\u00e4hnchen Banner 7 Chakren\"}]},{\"@type\":\"WebSite\",\"@id\":\"https:\/\/www.indien-haus.de\/shop\/#website\",\"url\":\"https:\/\/www.indien-haus.de\/shop\/\",\"name\":\"Indien-Haus\",\"description\":\"M\u00f6bel &amp; Lampen &amp; Accessoires aus Asien in Mainz\",\"publisher\":{\"@id\":\"https:\/\/www.indien-haus.de\/shop\/#organization\"},\"potentialAction\":[{\"@type\":\"SearchAction\",\"target\":{\"@type\":\"EntryPoint\",\"urlTemplate\":\"https:\/\/www.indien-haus.de\/shop\/?s={search_term_string}\"},\"query-input\":\"required name=search_term_string\"}],\"inLanguage\":\"de\"},{\"@type\":\"Organization\",\"@id\":\"https:\/\/www.indien-haus.de\/shop\/#organization\",\"name\":\"Indien-Haus\",\"url\":\"https:\/\/www.indien-haus.de\/shop\/\",\"logo\":{\"@type\":\"ImageObject\",\"inLanguage\":\"de\",\"@id\":\"https:\/\/www.indien-haus.de\/shop\/#\/schema\/logo\/image\/\",\"url\":\"https:\/\/www.indien-haus.de\/wp-content\/uploads\/2014\/03\/indien-haus-logo3.png\",\"contentUrl\":\"https:\/\/www.indien-haus.de\/wp-content\/uploads\/2014\/03\/indien-haus-logo3.png\",\"width\":106,\"height\":116,\"caption\":\"Indien-Haus\"},\"image\":{\"@id\":\"https:\/\/www.indien-haus.de\/shop\/#\/schema\/logo\/image\/\"},\"sameAs\":[\"https:\/\/www.facebook.com\/INDIEN.HAUS.news\",\"https:\/\/twitter.com\/Indien_Haus\",\"https:\/\/www.instagram.com\/indien_haus_mainz\/\",\"https:\/\/www.pinterest.de\/indienhaus\/\",\"https:\/\/www.youtube.com\/user\/IndienHaus\"]}]}<\/script>\n<!-- \/ Yoast SEO plugin. -->","yoast_head_json":{"title":"F\u00e4hnchen Banner 7 Chakren - #Indien-Haus","description":"7 teiliges Mini-F\u00e4hnchen-Banner 7 Chakren mit 2 Magneten je F\u00e4hnchen 8x9 cm","robots":{"index":"index","follow":"follow","max-snippet":"max-snippet:-1","max-image-preview":"max-image-preview:large","max-video-preview":"max-video-preview:-1"},"canonical":"https:\/\/www.indien-haus.de\/shop\/produkt\/faehnchen-banner-7-chakren-2\/","twitter_card":"summary_large_image","twitter_title":"F\u00e4hnchen Banner 7 Chakren - #Indien-Haus","twitter_description":"7 teiliges Mini-F\u00e4hnchen-Banner 7 Chakren mit 2 Magneten je F\u00e4hnchen 8x9 cm","twitter_image":"https:\/\/www.indien-haus.de\/wp-content\/uploads\/2019\/06\/DL03760-100pc.jpg","twitter_site":"@Indien_Haus","twitter_misc":{"Gesch\u00e4tzte Lesezeit":"1\u00a0Minute"},"schema":{"@context":"https:\/\/schema.org","@graph":[{"@type":"WebPage","@id":"https:\/\/www.indien-haus.de\/shop\/produkt\/faehnchen-banner-7-chakren-2\/","url":"https:\/\/www.indien-haus.de\/shop\/produkt\/faehnchen-banner-7-chakren-2\/","name":"F\u00e4hnchen Banner 7 Chakren - #Indien-Haus","isPartOf":{"@id":"https:\/\/www.indien-haus.de\/shop\/#website"},"datePublished":"2019-06-03T13:06:56+00:00","dateModified":"2026-04-13T03:12:00+00:00","description":"7 teiliges Mini-F\u00e4hnchen-Banner 7 Chakren mit 2 Magneten je F\u00e4hnchen 8x9 cm","breadcrumb":{"@id":"https:\/\/www.indien-haus.de\/shop\/produkt\/faehnchen-banner-7-chakren-2\/#breadcrumb"},"inLanguage":"de","potentialAction":[{"@type":"ReadAction","target":["https:\/\/www.indien-haus.de\/shop\/produkt\/faehnchen-banner-7-chakren-2\/"]}]},{"@type":"BreadcrumbList","@id":"https:\/\/www.indien-haus.de\/shop\/produkt\/faehnchen-banner-7-chakren-2\/#breadcrumb","itemListElement":[{"@type":"ListItem","position":1,"name":"Startseite","item":"https:\/\/www.indien-haus.de\/shop\/start\/"},{"@type":"ListItem","position":2,"name":"Shop","item":"https:\/\/www.indien-haus.de\/shop\/shop\/"},{"@type":"ListItem","position":3,"name":"F\u00e4hnchen Banner 7 Chakren"}]},{"@type":"WebSite","@id":"https:\/\/www.indien-haus.de\/shop\/#website","url":"https:\/\/www.indien-haus.de\/shop\/","name":"Indien-Haus","description":"M\u00f6bel &amp; Lampen &amp; Accessoires aus Asien in Mainz","publisher":{"@id":"https:\/\/www.indien-haus.de\/shop\/#organization"},"potentialAction":[{"@type":"SearchAction","target":{"@type":"EntryPoint","urlTemplate":"https:\/\/www.indien-haus.de\/shop\/?s={search_term_string}"},"query-input":"required name=search_term_string"}],"inLanguage":"de"},{"@type":"Organization","@id":"https:\/\/www.indien-haus.de\/shop\/#organization","name":"Indien-Haus","url":"https:\/\/www.indien-haus.de\/shop\/","logo":{"@type":"ImageObject","inLanguage":"de","@id":"https:\/\/www.indien-haus.de\/shop\/#\/schema\/logo\/image\/","url":"https:\/\/www.indien-haus.de\/wp-content\/uploads\/2014\/03\/indien-haus-logo3.png","contentUrl":"https:\/\/www.indien-haus.de\/wp-content\/uploads\/2014\/03\/indien-haus-logo3.png","width":106,"height":116,"caption":"Indien-Haus"},"image":{"@id":"https:\/\/www.indien-haus.de\/shop\/#\/schema\/logo\/image\/"},"sameAs":["https:\/\/www.facebook.com\/INDIEN.HAUS.news","https:\/\/twitter.com\/Indien_Haus","https:\/\/www.instagram.com\/indien_haus_mainz\/","https:\/\/www.pinterest.de\/indienhaus\/","https:\/\/www.youtube.com\/user\/IndienHaus"]}]}},"_links":{"self":[{"href":"https:\/\/www.indien-haus.de\/shop\/wp-json\/wp\/v2\/product\/46464"}],"collection":[{"href":"https:\/\/www.indien-haus.de\/shop\/wp-json\/wp\/v2\/product"}],"about":[{"href":"https:\/\/www.indien-haus.de\/shop\/wp-json\/wp\/v2\/types\/product"}],"replies":[{"embeddable":true,"href":"https:\/\/www.indien-haus.de\/shop\/wp-json\/wp\/v2\/comments?post=46464"}],"wp:featuredmedia":[{"embeddable":true,"href":"https:\/\/www.indien-haus.de\/shop\/wp-json\/wp\/v2\/media\/113167"}],"wp:attachment":[{"href":"https:\/\/www.indien-haus.de\/shop\/wp-json\/wp\/v2\/media?parent=46464"}],"wp:term":[{"taxonomy":"product_cat","embeddable":true,"href":"https:\/\/www.indien-haus.de\/shop\/wp-json\/wp\/v2\/product_cat?post=46464"},{"taxonomy":"product_tag","embeddable":true,"href":"https:\/\/www.indien-haus.de\/shop\/wp-json\/wp\/v2\/product_tag?post=46464"}],"curies":[{"name":"wp","href":"https:\/\/api.w.org\/{rel}","templated":true}]}}