{"id":6282,"date":"2015-03-26T16:00:18","date_gmt":"2015-03-26T15:00:18","guid":{"rendered":"https:\/\/www.indien-haus.de\/produkt\/brokat-tischlaeufer-blau\/"},"modified":"2026-01-03T15:38:24","modified_gmt":"2026-01-03T14:38:24","slug":"tischlaeufer-patchwork-blau","status":"publish","type":"product","link":"https:\/\/www.indien-haus.de\/shop\/produkt\/tischlaeufer-patchwork-blau\/","title":{"rendered":"Tischl\u00e4ufer Patchwork blau"},"content":{"rendered":"","protected":false},"excerpt":{"rendered":"<p>Tischl\u00e4ufer Patchwork blau aus recycelter Baumwolle. Aus alten recycelten Stoffen in Handarbeit zusammengesetzt. Hergestellt in Indien.<\/p>\n<p>Jedes St\u00fcck ist einzigartig &#8211; ein Unikat. Das Bild dient nur als Beispiel &#8211; Muster weichen immer ab.\u00a0 Auf Wunsch senden wir Ihnen gerne Auswahlbilder zu oder lassen Sie sich einfach \u00fcberraschen.<\/p>\n<p>Wir haben auch passende Platzsets und Kissenh\u00fcllen in 40&#215;40 oder 50&#215;50 und Vorh\u00e4nge in 240er oder 320er L\u00e4nge.<\/p>\n<p>Tischdecke, Decke, L\u00e4ufer, Nur Trockenreinigung.<\/p>\n","protected":false},"featured_media":114384,"comment_status":"closed","ping_status":"closed","template":"","meta":[],"product_cat":[70],"product_tag":[770,6625,3248,1204,164,5533],"yoast_head":"<!-- This site is optimized with the Yoast SEO plugin v22.0 - https:\/\/yoast.com\/wordpress\/plugins\/seo\/ -->\n<title>Tischl\u00e4ufer Patchwork blau - #Indien-Haus<\/title>\n<meta name=\"description\" content=\"Tischl\u00e4ufer Patchwork blau aus recycelter Baumwolle. Aus alten recycelten Stoffen in Handarbeit zusammengesetzt. Jedes St\u00fcck ist einzigartig\" \/>\n<meta name=\"robots\" content=\"index, follow, max-snippet:-1, max-image-preview:large, max-video-preview:-1\" \/>\n<link rel=\"canonical\" href=\"https:\/\/www.indien-haus.de\/shop\/produkt\/tischlaeufer-patchwork-blau\/\" \/>\n<meta name=\"twitter:card\" content=\"summary_large_image\" \/>\n<meta name=\"twitter:title\" content=\"Tischl\u00e4ufer Patchwork blau - #Indien-Haus\" \/>\n<meta name=\"twitter:description\" content=\"Tischl\u00e4ufer Patchwork blau aus recycelter Baumwolle. Aus alten recycelten Stoffen in Handarbeit zusammengesetzt. Jedes St\u00fcck ist einzigartig\" \/>\n<meta name=\"twitter:image\" content=\"https:\/\/www.indien-haus.de\/wp-content\/uploads\/2015\/12\/RU90475-30x150-blau.jpg\" \/>\n<meta name=\"twitter:site\" content=\"@Indien_Haus\" \/>\n<meta name=\"twitter:label1\" content=\"Gesch\u00e4tzte Lesezeit\" \/>\n\t<meta name=\"twitter:data1\" content=\"1\u00a0Minute\" \/>\n<script type=\"application\/ld+json\" class=\"yoast-schema-graph\">{\"@context\":\"https:\/\/schema.org\",\"@graph\":[{\"@type\":\"WebPage\",\"@id\":\"https:\/\/www.indien-haus.de\/shop\/produkt\/tischlaeufer-patchwork-blau\/\",\"url\":\"https:\/\/www.indien-haus.de\/shop\/produkt\/tischlaeufer-patchwork-blau\/\",\"name\":\"Tischl\u00e4ufer Patchwork blau - #Indien-Haus\",\"isPartOf\":{\"@id\":\"https:\/\/www.indien-haus.de\/shop\/#website\"},\"datePublished\":\"2015-03-26T15:00:18+00:00\",\"dateModified\":\"2026-01-03T14:38:24+00:00\",\"description\":\"Tischl\u00e4ufer Patchwork blau aus recycelter Baumwolle. Aus alten recycelten Stoffen in Handarbeit zusammengesetzt. Jedes St\u00fcck ist einzigartig\",\"breadcrumb\":{\"@id\":\"https:\/\/www.indien-haus.de\/shop\/produkt\/tischlaeufer-patchwork-blau\/#breadcrumb\"},\"inLanguage\":\"de\",\"potentialAction\":[{\"@type\":\"ReadAction\",\"target\":[\"https:\/\/www.indien-haus.de\/shop\/produkt\/tischlaeufer-patchwork-blau\/\"]}]},{\"@type\":\"BreadcrumbList\",\"@id\":\"https:\/\/www.indien-haus.de\/shop\/produkt\/tischlaeufer-patchwork-blau\/#breadcrumb\",\"itemListElement\":[{\"@type\":\"ListItem\",\"position\":1,\"name\":\"Startseite\",\"item\":\"https:\/\/www.indien-haus.de\/shop\/start\/\"},{\"@type\":\"ListItem\",\"position\":2,\"name\":\"Shop\",\"item\":\"https:\/\/www.indien-haus.de\/shop\/shop\/\"},{\"@type\":\"ListItem\",\"position\":3,\"name\":\"Tischl\u00e4ufer Patchwork blau\"}]},{\"@type\":\"WebSite\",\"@id\":\"https:\/\/www.indien-haus.de\/shop\/#website\",\"url\":\"https:\/\/www.indien-haus.de\/shop\/\",\"name\":\"Indien-Haus\",\"description\":\"M\u00f6bel &amp; Lampen &amp; Accessoires aus Asien in Mainz\",\"publisher\":{\"@id\":\"https:\/\/www.indien-haus.de\/shop\/#organization\"},\"potentialAction\":[{\"@type\":\"SearchAction\",\"target\":{\"@type\":\"EntryPoint\",\"urlTemplate\":\"https:\/\/www.indien-haus.de\/shop\/?s={search_term_string}\"},\"query-input\":\"required name=search_term_string\"}],\"inLanguage\":\"de\"},{\"@type\":\"Organization\",\"@id\":\"https:\/\/www.indien-haus.de\/shop\/#organization\",\"name\":\"Indien-Haus\",\"url\":\"https:\/\/www.indien-haus.de\/shop\/\",\"logo\":{\"@type\":\"ImageObject\",\"inLanguage\":\"de\",\"@id\":\"https:\/\/www.indien-haus.de\/shop\/#\/schema\/logo\/image\/\",\"url\":\"https:\/\/www.indien-haus.de\/wp-content\/uploads\/2014\/03\/indien-haus-logo3.png\",\"contentUrl\":\"https:\/\/www.indien-haus.de\/wp-content\/uploads\/2014\/03\/indien-haus-logo3.png\",\"width\":106,\"height\":116,\"caption\":\"Indien-Haus\"},\"image\":{\"@id\":\"https:\/\/www.indien-haus.de\/shop\/#\/schema\/logo\/image\/\"},\"sameAs\":[\"https:\/\/www.facebook.com\/INDIEN.HAUS.news\",\"https:\/\/twitter.com\/Indien_Haus\",\"https:\/\/www.instagram.com\/indien_haus_mainz\/\",\"https:\/\/www.pinterest.de\/indienhaus\/\",\"https:\/\/www.youtube.com\/user\/IndienHaus\"]}]}<\/script>\n<!-- \/ Yoast SEO plugin. -->","yoast_head_json":{"title":"Tischl\u00e4ufer Patchwork blau - #Indien-Haus","description":"Tischl\u00e4ufer Patchwork blau aus recycelter Baumwolle. Aus alten recycelten Stoffen in Handarbeit zusammengesetzt. Jedes St\u00fcck ist einzigartig","robots":{"index":"index","follow":"follow","max-snippet":"max-snippet:-1","max-image-preview":"max-image-preview:large","max-video-preview":"max-video-preview:-1"},"canonical":"https:\/\/www.indien-haus.de\/shop\/produkt\/tischlaeufer-patchwork-blau\/","twitter_card":"summary_large_image","twitter_title":"Tischl\u00e4ufer Patchwork blau - #Indien-Haus","twitter_description":"Tischl\u00e4ufer Patchwork blau aus recycelter Baumwolle. Aus alten recycelten Stoffen in Handarbeit zusammengesetzt. Jedes St\u00fcck ist einzigartig","twitter_image":"https:\/\/www.indien-haus.de\/wp-content\/uploads\/2015\/12\/RU90475-30x150-blau.jpg","twitter_site":"@Indien_Haus","twitter_misc":{"Gesch\u00e4tzte Lesezeit":"1\u00a0Minute"},"schema":{"@context":"https:\/\/schema.org","@graph":[{"@type":"WebPage","@id":"https:\/\/www.indien-haus.de\/shop\/produkt\/tischlaeufer-patchwork-blau\/","url":"https:\/\/www.indien-haus.de\/shop\/produkt\/tischlaeufer-patchwork-blau\/","name":"Tischl\u00e4ufer Patchwork blau - #Indien-Haus","isPartOf":{"@id":"https:\/\/www.indien-haus.de\/shop\/#website"},"datePublished":"2015-03-26T15:00:18+00:00","dateModified":"2026-01-03T14:38:24+00:00","description":"Tischl\u00e4ufer Patchwork blau aus recycelter Baumwolle. Aus alten recycelten Stoffen in Handarbeit zusammengesetzt. Jedes St\u00fcck ist einzigartig","breadcrumb":{"@id":"https:\/\/www.indien-haus.de\/shop\/produkt\/tischlaeufer-patchwork-blau\/#breadcrumb"},"inLanguage":"de","potentialAction":[{"@type":"ReadAction","target":["https:\/\/www.indien-haus.de\/shop\/produkt\/tischlaeufer-patchwork-blau\/"]}]},{"@type":"BreadcrumbList","@id":"https:\/\/www.indien-haus.de\/shop\/produkt\/tischlaeufer-patchwork-blau\/#breadcrumb","itemListElement":[{"@type":"ListItem","position":1,"name":"Startseite","item":"https:\/\/www.indien-haus.de\/shop\/start\/"},{"@type":"ListItem","position":2,"name":"Shop","item":"https:\/\/www.indien-haus.de\/shop\/shop\/"},{"@type":"ListItem","position":3,"name":"Tischl\u00e4ufer Patchwork blau"}]},{"@type":"WebSite","@id":"https:\/\/www.indien-haus.de\/shop\/#website","url":"https:\/\/www.indien-haus.de\/shop\/","name":"Indien-Haus","description":"M\u00f6bel &amp; Lampen &amp; Accessoires aus Asien in Mainz","publisher":{"@id":"https:\/\/www.indien-haus.de\/shop\/#organization"},"potentialAction":[{"@type":"SearchAction","target":{"@type":"EntryPoint","urlTemplate":"https:\/\/www.indien-haus.de\/shop\/?s={search_term_string}"},"query-input":"required name=search_term_string"}],"inLanguage":"de"},{"@type":"Organization","@id":"https:\/\/www.indien-haus.de\/shop\/#organization","name":"Indien-Haus","url":"https:\/\/www.indien-haus.de\/shop\/","logo":{"@type":"ImageObject","inLanguage":"de","@id":"https:\/\/www.indien-haus.de\/shop\/#\/schema\/logo\/image\/","url":"https:\/\/www.indien-haus.de\/wp-content\/uploads\/2014\/03\/indien-haus-logo3.png","contentUrl":"https:\/\/www.indien-haus.de\/wp-content\/uploads\/2014\/03\/indien-haus-logo3.png","width":106,"height":116,"caption":"Indien-Haus"},"image":{"@id":"https:\/\/www.indien-haus.de\/shop\/#\/schema\/logo\/image\/"},"sameAs":["https:\/\/www.facebook.com\/INDIEN.HAUS.news","https:\/\/twitter.com\/Indien_Haus","https:\/\/www.instagram.com\/indien_haus_mainz\/","https:\/\/www.pinterest.de\/indienhaus\/","https:\/\/www.youtube.com\/user\/IndienHaus"]}]}},"_links":{"self":[{"href":"https:\/\/www.indien-haus.de\/shop\/wp-json\/wp\/v2\/product\/6282"}],"collection":[{"href":"https:\/\/www.indien-haus.de\/shop\/wp-json\/wp\/v2\/product"}],"about":[{"href":"https:\/\/www.indien-haus.de\/shop\/wp-json\/wp\/v2\/types\/product"}],"replies":[{"embeddable":true,"href":"https:\/\/www.indien-haus.de\/shop\/wp-json\/wp\/v2\/comments?post=6282"}],"wp:featuredmedia":[{"embeddable":true,"href":"https:\/\/www.indien-haus.de\/shop\/wp-json\/wp\/v2\/media\/114384"}],"wp:attachment":[{"href":"https:\/\/www.indien-haus.de\/shop\/wp-json\/wp\/v2\/media?parent=6282"}],"wp:term":[{"taxonomy":"product_cat","embeddable":true,"href":"https:\/\/www.indien-haus.de\/shop\/wp-json\/wp\/v2\/product_cat?post=6282"},{"taxonomy":"product_tag","embeddable":true,"href":"https:\/\/www.indien-haus.de\/shop\/wp-json\/wp\/v2\/product_tag?post=6282"}],"curies":[{"name":"wp","href":"https:\/\/api.w.org\/{rel}","templated":true}]}}